[INFO] cloning repository https://github.com/jkhsjdhjs/chell
[INFO] running `Command { std: "git" "-c" "credential.helper=" "-c" "credential.helper=/workspace/cargo-home/bin/git-credential-null" "clone" "--bare" "https://github.com/jkhsjdhjs/chell" "/workspace/cache/git-repos/https%3A%2F%2Fgithub.com%2Fjkhsjdhjs%2Fchell", kill_on_drop: false }`
[INFO] [stderr] Cloning into bare repository '/workspace/cache/git-repos/https%3A%2F%2Fgithub.com%2Fjkhsjdhjs%2Fchell'...
[INFO] running `Command { std: "git" "rev-parse" "HEAD", kill_on_drop: false }`
[INFO] [stdout] 8b752085e5dde10db9acd0ba7e7a0f18b39282a5
[INFO] checking jkhsjdhjs/chell against master#cfbc6d4cf1acbac5c025acf8ed68929caa551df3 for pr-75494-beta
[INFO] running `Command { std: "git" "clone" "/workspace/cache/git-repos/https%3A%2F%2Fgithub.com%2Fjkhsjdhjs%2Fchell" "/workspace/builds/worker-6/source", kill_on_drop: false }`
[INFO] [stderr] Cloning into '/workspace/builds/worker-6/source'...
[INFO] [stderr] done.
[INFO] validating manifest of git repo https://github.com/jkhsjdhjs/chell on toolchain cfbc6d4cf1acbac5c025acf8ed68929caa551df3
[INFO] running `Command { std: "/workspace/cargo-home/bin/cargo" "+cfbc6d4cf1acbac5c025acf8ed68929caa551df3" "read-manifest" "--manifest-path" "Cargo.toml", kill_on_drop: false }`
[INFO] started tweaking git repo https://github.com/jkhsjdhjs/chell
[INFO] finished tweaking git repo https://github.com/jkhsjdhjs/chell
[INFO] tweaked toml for git repo https://github.com/jkhsjdhjs/chell written to /workspace/builds/worker-6/source/Cargo.toml
[INFO] crate git repo https://github.com/jkhsjdhjs/chell already has a lockfile, it will not be regenerated
[INFO] running `Command { std: "/workspace/cargo-home/bin/cargo" "+cfbc6d4cf1acbac5c025acf8ed68929caa551df3" "fetch" "--locked" "--manifest-path" "Cargo.toml", kill_on_drop: false }`
[INFO] [stderr]  Downloading crates ...
[INFO] [stderr]   Downloaded rustc-demangle v0.1.5
[INFO] [stderr]   Downloaded advapi32-sys v0.2.0
[INFO] [stderr]   Downloaded tokio-core v0.1.10
[INFO] [stderr]   Downloaded schannel v0.1.8
[INFO] [stderr]   Downloaded serde_derive v1.0.19
[INFO] [stderr]   Downloaded nix v0.9.0
[INFO] [stderr]   Downloaded uuid v0.5.1
[INFO] [stderr]   Downloaded num-integer v0.1.35
[INFO] [stderr]   Downloaded atoi v0.2.2
[INFO] [stderr]   Downloaded mio v0.6.11
[INFO] [stderr]   Downloaded error-chain v0.10.0
[INFO] [stderr]   Downloaded serde_derive_internals v0.17.0
[INFO] [stderr]   Downloaded openssl v0.9.20
[INFO] [stderr]   Downloaded backtrace-sys v0.1.16
[INFO] [stderr]   Downloaded twox-hash v1.1.0
[INFO] [stderr]   Downloaded secur32-sys v0.2.0
[INFO] [stderr]   Downloaded tokio-tls v0.1.3
[INFO] [stderr]   Downloaded openssl-sys v0.9.20
[INFO] [stderr]   Downloaded named_pipe v0.2.4
[INFO] [stderr]   Downloaded backtrace v0.3.3
[INFO] [stderr]   Downloaded lazycell v0.5.1
[INFO] [stderr]   Downloaded foreign-types v0.2.0
[INFO] [stderr]   Downloaded percent-encoding v1.0.0
[INFO] [stderr]   Downloaded fnv v1.0.5
[INFO] [stderr]   Downloaded num v0.1.40
[INFO] [stderr]   Downloaded thread_local v0.3.4
[INFO] [stderr]   Downloaded native-tls v0.1.4
[INFO] [stderr]   Downloaded tokio-io v0.1.3
[INFO] [stderr]   Downloaded bufstream v0.1.3
[INFO] [stderr]   Downloaded itoa v0.3.4
[INFO] [stderr]   Downloaded url v1.6.0
[INFO] [stderr]   Downloaded bit-vec v0.4.4
[INFO] [stderr]   Downloaded mysql v12.0.3
[INFO] [stderr]   Downloaded regex-syntax v0.4.1
[INFO] [stderr]   Downloaded core-foundation v0.2.3
[INFO] [stderr]   Downloaded core-foundation-sys v0.2.3
[INFO] [stderr]   Downloaded byteorder v1.1.0
[INFO] [stderr]   Downloaded tokio-mockstream v1.1.0
[INFO] [stderr]   Downloaded tokio-timer v0.1.2
[INFO] [stderr]   Downloaded crypt32-sys v0.2.0
[INFO] [stderr]   Downloaded toml v0.4.5
[INFO] [stderr]   Downloaded chrono v0.4.0
[INFO] [stderr]   Downloaded mysql_common v0.2.0
[INFO] [stderr]   Downloaded aho-corasick v0.6.3
[INFO] [stderr]   Downloaded num-iter v0.1.34
[INFO] [stderr]   Downloaded redox_syscall v0.1.31
[INFO] [stderr]   Downloaded security-framework v0.1.16
[INFO] [stderr]   Downloaded lazy_static v0.2.9
[INFO] [stderr]   Downloaded security-framework-sys v0.1.16
[INFO] [stderr]   Downloaded num-traits v0.1.40
[INFO] [stderr]   Downloaded serde_json v1.0.5
[INFO] [stderr]   Downloaded libc v0.2.33
[INFO] [stderr]   Downloaded serde v1.0.19
[INFO] [stderr]   Downloaded regex v0.2.2
[INFO] [stderr]   Downloaded irc v0.12.5
[INFO] [stderr]   Downloaded smallvec v0.4.4
[INFO] running `Command { std: "docker" "create" "-v" "/var/lib/crater-agent-workspace/builds/worker-6/target:/opt/rustwide/target:rw,Z" "-v" "/var/lib/crater-agent-workspace/builds/worker-6/source:/opt/rustwide/workdir:ro,Z" "-v" "/var/lib/crater-agent-workspace/cargo-home:/opt/rustwide/cargo-home:ro,Z" "-v" "/var/lib/crater-agent-workspace/rustup-home:/opt/rustwide/rustup-home:ro,Z" "-e" "SOURCE_DIR=/opt/rustwide/workdir" "-e" "CARGO_TARGET_DIR=/opt/rustwide/target" "-e" "CARGO_HOME=/opt/rustwide/cargo-home" "-e" "RUSTUP_HOME=/opt/rustwide/rustup-home" "-w" "/opt/rustwide/workdir" "-m" "1610612736" "--user" "0:0" "--network" "none" "rustops/crates-build-env@sha256:a636fd89d022f18117e1dc8fb37a0a009933cdbbe082814857f0e2024962d47c" "/opt/rustwide/cargo-home/bin/cargo" "+cfbc6d4cf1acbac5c025acf8ed68929caa551df3" "metadata" "--no-deps" "--format-version=1", kill_on_drop: false }`
[INFO] [stderr] WARNING: Your kernel does not support swap limit capabilities or the cgroup is not mounted. Memory limited without swap.
[INFO] [stdout] 7547c63ad1004ff1cf13f40f9ea3ed18de413d42bf34a7358e706b0033fd9a72
[INFO] running `Command { std: "docker" "start" "-a" "7547c63ad1004ff1cf13f40f9ea3ed18de413d42bf34a7358e706b0033fd9a72", kill_on_drop: false }`
[INFO] running `Command { std: "docker" "inspect" "7547c63ad1004ff1cf13f40f9ea3ed18de413d42bf34a7358e706b0033fd9a72", kill_on_drop: false }`
[INFO] running `Command { std: "docker" "rm" "-f" "7547c63ad1004ff1cf13f40f9ea3ed18de413d42bf34a7358e706b0033fd9a72", kill_on_drop: false }`
[INFO] [stdout] 7547c63ad1004ff1cf13f40f9ea3ed18de413d42bf34a7358e706b0033fd9a72
[INFO] running `Command { std: "docker" "create" "-v" "/var/lib/crater-agent-workspace/builds/worker-6/target:/opt/rustwide/target:rw,Z" "-v" "/var/lib/crater-agent-workspace/builds/worker-6/source:/opt/rustwide/workdir:ro,Z" "-v" "/var/lib/crater-agent-workspace/cargo-home:/opt/rustwide/cargo-home:ro,Z" "-v" "/var/lib/crater-agent-workspace/rustup-home:/opt/rustwide/rustup-home:ro,Z" "-e" "SOURCE_DIR=/opt/rustwide/workdir" "-e" "CARGO_TARGET_DIR=/opt/rustwide/target" "-e" "CARGO_INCREMENTAL=0" "-e" "RUST_BACKTRACE=full" "-e" "RUSTFLAGS=--cap-lints=forbid" "-e" "CARGO_HOME=/opt/rustwide/cargo-home" "-e" "RUSTUP_HOME=/opt/rustwide/rustup-home" "-w" "/opt/rustwide/workdir" "-m" "1610612736" "--user" "0:0" "--network" "none" "rustops/crates-build-env@sha256:a636fd89d022f18117e1dc8fb37a0a009933cdbbe082814857f0e2024962d47c" "/opt/rustwide/cargo-home/bin/cargo" "+cfbc6d4cf1acbac5c025acf8ed68929caa551df3" "check" "--frozen" "--all" "--all-targets" "--message-format=json", kill_on_drop: false }`
[INFO] [stdout] 790ab67afd9f952147dd1914c76df6afa981579bdafc5e4c5e0eaf1fe4e05efc
[INFO] [stderr] WARNING: Your kernel does not support swap limit capabilities or the cgroup is not mounted. Memory limited without swap.
[INFO] running `Command { std: "docker" "start" "-a" "790ab67afd9f952147dd1914c76df6afa981579bdafc5e4c5e0eaf1fe4e05efc", kill_on_drop: false }`
[INFO] [stderr]     Checking cfg-if v0.1.2
[INFO] [stderr]     Checking num-traits v0.1.40
[INFO] [stderr]    Compiling pkg-config v0.3.9
[INFO] [stderr]     Checking bitflags v0.9.1
[INFO] [stderr]     Checking log v0.3.8
[INFO] [stderr]     Checking serde v1.0.19
[INFO] [stderr]    Compiling unicode-xid v0.0.4
[INFO] [stderr]     Checking dtoa v0.4.2
[INFO] [stderr]    Compiling quote v0.3.15
[INFO] [stderr]     Checking itoa v0.3.4
[INFO] [stderr]     Checking lazycell v0.5.1
[INFO] [stderr]     Checking rustc-demangle v0.1.5
[INFO] [stderr]     Checking utf8-ranges v1.0.0
[INFO] [stderr]     Checking regex-syntax v0.4.1
[INFO] [stderr]     Checking smallvec v0.4.4
[INFO] [stderr]     Checking bufstream v0.1.3
[INFO] [stderr]     Checking fnv v1.0.5
[INFO] [stderr]     Checking unreachable v1.0.0
[INFO] [stderr]     Checking memchr v1.0.2
[INFO] [stderr]     Checking rand v0.3.18
[INFO] [stderr]     Checking tokio-timer v0.1.2
[INFO] [stderr]     Checking net2 v0.2.31
[INFO] [stderr]    Compiling synom v0.11.3
[INFO] [stderr]     Checking nix v0.9.0
[INFO] [stderr]     Checking base64 v0.7.0
[INFO] [stderr]     Checking tokio-io v0.1.3
[INFO] [stderr]     Checking backtrace-sys v0.1.16
[INFO] [stderr]     Checking url v1.6.0
[INFO] [stderr]     Checking thread_local v0.3.4
[INFO] [stderr]     Checking aho-corasick v0.6.3
[INFO] [stderr]    Compiling syn v0.11.11
[INFO] [stderr]     Checking backtrace v0.3.3
[INFO] [stderr]     Checking mio v0.6.11
[INFO] [stderr]     Checking num-integer v0.1.35
[INFO] [stderr]     Checking atoi v0.2.2
[INFO] [stderr]    Compiling openssl-sys v0.9.20
[INFO] [stderr]     Checking tokio-mockstream v1.1.0
[INFO] [stderr]     Checking num-iter v0.1.34
[INFO] [stderr]     Checking error-chain v0.10.0
[INFO] [stderr]     Checking error-chain v0.11.0
[INFO] [stderr]     Checking twox-hash v1.1.0
[INFO] [stderr]     Checking num v0.1.40
[INFO] [stdout] error[E0713]: borrow may still be in use when destructor runs
[INFO] [stdout]    --> /opt/rustwide/cargo-home/registry/src/github.com-1ecc6299db9ec823/url-1.6.0/src/form_urlencoded.rs:261:40
[INFO] [stdout]     |
[INFO] [stdout] 259 | impl<'a> Target for ::UrlQuery<'a> {
[INFO] [stdout]     |      -- lifetime `'a` defined here
[INFO] [stdout] 260 |     fn as_mut_string(&mut self) -> &mut String { &mut self.url.serialization }
[INFO] [stdout] 261 |     fn finish(self) -> &'a mut ::Url { self.url }
[INFO] [stdout]     |                                        ^^^^^^^^ - here, drop of `self` needs exclusive access to `*self.url`, because the type `UrlQuery<'_>` implements the `Drop` trait
[INFO] [stdout]     |                                        |
[INFO] [stdout]     |                                        returning this value requires that `*self.url` is borrowed for `'a`
[INFO] [stdout] 
[INFO] [stdout] 
[INFO] [stdout] error[E0214]: parenthesized type parameters may only be used with a `Fn` trait
[INFO] [stdout]   --> /opt/rustwide/cargo-home/registry/src/github.com-1ecc6299db9ec823/twox-hash-1.1.0/src/number_streams.rs:67:23
[INFO] [stdout]    |
[INFO] [stdout] 67 |     fn count(self) -> usize() {
[INFO] [stdout]    |                       ^^^^^^^ only `Fn` traits may use parentheses
[INFO] [stdout] ...
[INFO] [stdout] 74 | number_stream!(U32FromBytes, u32, U32_BYTES);
[INFO] [stdout]    | --------------------------------------------- in this macro invocation
[INFO] [stdout]    |
[INFO] [stdout]    = note: this error originates in a macro (in Nightly builds, run with -Z macro-backtrace for more info)
[INFO] [stdout] 
[INFO] [stdout] 
[INFO] [stdout] error[E0214]: parenthesized type parameters may only be used with a `Fn` trait
[INFO] [stdout]   --> /opt/rustwide/cargo-home/registry/src/github.com-1ecc6299db9ec823/twox-hash-1.1.0/src/number_streams.rs:67:23
[INFO] [stdout]    |
[INFO] [stdout] 67 |     fn count(self) -> usize() {
[INFO] [stdout]    |                       ^^^^^^^ only `Fn` traits may use parentheses
[INFO] [stdout] ...
[INFO] [stdout] 75 | number_stream!(U64FromBytes, u64, U64_BYTES);
[INFO] [stdout]    | --------------------------------------------- in this macro invocation
[INFO] [stdout]    |
[INFO] [stdout]    = note: this error originates in a macro (in Nightly builds, run with -Z macro-backtrace for more info)
[INFO] [stdout] 
[INFO] [stdout] 
[INFO] [stdout] error: aborting due to previous error
[INFO] [stdout] 
[INFO] [stdout] 
[INFO] [stdout] For more information about this error, try `rustc --explain E0713`.
[INFO] [stdout] 
[INFO] [stderr] error: could not compile `url`.
[INFO] [stderr] 
[INFO] [stderr] To learn more, run the command again with --verbose.
[INFO] [stderr] warning: build failed, waiting for other jobs to finish...
[INFO] [stdout] error: aborting due to 2 previous errors
[INFO] [stdout] 
[INFO] [stdout] 
[INFO] [stdout] For more information about this error, try `rustc --explain E0214`.
[INFO] [stdout] 
[INFO] [stderr] error: build failed
[INFO] running `Command { std: "docker" "inspect" "790ab67afd9f952147dd1914c76df6afa981579bdafc5e4c5e0eaf1fe4e05efc", kill_on_drop: false }`
[INFO] running `Command { std: "docker" "rm" "-f" "790ab67afd9f952147dd1914c76df6afa981579bdafc5e4c5e0eaf1fe4e05efc", kill_on_drop: false }`
[INFO] [stdout] 790ab67afd9f952147dd1914c76df6afa981579bdafc5e4c5e0eaf1fe4e05efc
